 4, what is 1211311100331 - -30?
1211311101021
In base 9, what is 3655 + 173?
3838
In base 6, what is -1240113 + 5124?
-1230545
In base 10, what is 907593 + 6?
907599
In base 14, what is 4 - 139b7b5?
-139b7b1
In base 10, what is -13222 - -2453?
-10769
In base 12, what is -8aa5 - -6475?
-2630
In base 14, what is -843b9ac + 3?
-843b9a9
In base 16, what is 29e + -341?
-a3
In base 14, what is 101c2d + -39?
101bd4
In base 9, what is 2 + 35678518?
35678521
In base 16, what is -a719 + -10b?
-a824
In base 5, what is -1314024132 + -2?
-1314024134
In base 16, what is a0fa2 - -41?
a0fe3
In base 14, what is d2097c + -4?
d20978
In base 7, what is 24255552 - 34?
24255515
In base 16, what is -23545 + -13?
-23558
In base 5, what is 4112043 - -1224?
4113322
In base 5, what is -142 + 1233244322?
1233244130
In base 6, what is -134331 + 420214?
241443
In base 4, what is 133211212 + 101?
133211313
In base 7, what is -11665 - -26554?
14556
In base 4, what is -12 + 100212312231?
100212312213
In base 5, what is 243 - -141413132?
141413430
In base 5, what is 14 + -14100033430?
-14100033411
In base 5, what is -2 + 1413213432?
1413213430
In base 12, what is -31451 - -17a?
-31293
In base 15, what is -5aa0c + -2?
-5aa0e
In base 13, what is -c1 + -b4964?
-b4a55
In base 12, what is -37 + -76092b1?
-7609328
In base 7, what is 22064 + -4020?
15044
In base 16, what is 611e - -c5dd?
126fb
In base 11, what is 0 - -208051795?
208051795
In base 9, what is 2381 + 164067?
166458
In base 4, what is -1320131201 - 222?
-1320132023
In base 13, what is -3 - -425827?
425824
In base 7, what is -24464 + -100461?
-125255
In base 6, what is -155 - 30324225?
-30324424
In base 8, what is 2 + -130137613?
-130137611
In base 16, what is 2c7a00 - b?
2c79f5
In base 12, what is -5 + -7b61a2?
-7b61a7
In base 10, what is 59 - -3716959?
3717018
In base 10, what is 5 - 11200306?
-11200301
In base 7, what is -104646 - 6312?
-114261
In base 14, what is -4b752c + 9?
-4b7523
In base 3, what is -1012001222 + -220002112?
-2002011111
In base 10, what is 6776 - -22051?
28827
In base 2, what is 1 + -1101010011011011000100100?
-1101010011011011000100011
In base 10, what is 314696 + 45?
314741
In base 16, what is -4 + a746cc?
a746c8
In base 6, what is -434 + -12225231?
-12230105
In base 13, what is 33c6 + -415?
2cb1
In base 15, what is a9d24 + d7d?
aaba2
In base 8, what is 5 - -60367203?
60367210
In base 6, what is 2055 + 4153?
10252
In base 13, what is 2c54 - 4064?
-1110
In base 5, what is 23 + -13342340?
-13342312
In base 9, what is -11 - -2104184?
2104173
In base 8, what is 21540 - 673?
20645
In base 16, what is -76 - -2814?
279e
In base 15, what is 6c164d3 + 1?
6c164d4
In base 11, what is 3a946 + 17?
3a962
In base 3, what is 202202012000 + 1012?
202202020012
In base 10, what is -15 - -311247?
311232
In base 12, what is 1a8a85 - 24?
1a8a61
In base 11, what is 5428 - -62659?
67a86
In base 12, what is -7875a - 1736?
-7a294
In base 5, what is 320 - -1222312?
1223132
In base 9, what is -140236 + 14?
-140222
In base 8, what is -5 + 1200714071?
1200714064
In base 4, what is -30023020112 - -300?
-30023013212
In base 11, what is 6409255 - -7?
6409261
In base 8, what is -14255255 + 1?
-14255254
In base 15, what is ee6 - 6acc?
-5ad6
In base 7, what is 366061 + 12600?
411661
In base 9, what is -25 + 8503345?
8503320
In base 12, what is 597 + -24a8b?
-244b4
In base 13, what is 1b9422 - -a0?
1b94c2
In base 13, what is 327281977 - -1?
327281978
In base 4, what is -1002120032 - 303?
-1002121001
In base 5, what is 341 + 11432114113?
11432120004
In base 9, what is 14 - 2553045?
-2553031
In base 12, what is 169998 - 69b?
1692b9
In base 8, what is 14 + -27610620?
-27610604
In base 5, what is 442 + 4333020133?
4333021130
In base 6, what is 4 + -134523424?
-134523420
In base 13, what is -5 + 31b6b5bb?
31b6b5b6
In base 14, what is 31 + -ca39a?
-ca369
In base 9, what is -352 - -56547?
56185
In base 16, what is -3bf7 + 261a?
-15dd
In base 16, what is 109389d + 2?
109389f
In base 11, what is -10434 - 78?
-10501
In base 6, what is 3031554 - -2?
3032000
In base 12, what is 106 + -55180a?
-551704
In base 7, what is -26535523 - 141?
-26535664
In base 16, what is -e1ce9 - -39?
-e1cb0
In base 8, what is 3761 - -14755?
20736
In base 6, what is -35 + 30232100?
30232021
In base 3, what is 1020120210 - -1120102?
1022011012
In base 10, what is -77 - -67708?
67631
In base 8, what is -62 - 527307?
-527371
In base 5, what is -1 + 24330202?
24330201
In base 4, what is -10 + 211130113100?
211130113030
In base 11, what is -24a24a55 - -3?
-24a24a52
In base 3, what is 11002112211120122 - 2?
11002112211120120
In base 11, what is -835a779 - 4?
-835a782
In base 3, what is 120 + -11200212200201?
-11200212200011
In base 5, what is -41223 - 42111?
-133334
In base 11, what is 13 - 16a39568?
-16a39555
In base 16, what is 275 + 5e74?
60e9
In base 6, what is 4122523 - 510?
4122013
In base 7, what is -3601 - -220336?
213435
In base 13, what is -86 - -42484?
423cb
In base 16, what is 67978 + -b9?
678bf
In base 11, what is 13 - 507467?
-507454
In base 4, what is -2112 + 3102200300?
3102132122
In base 8, what is -67 - 122564152?
-122564241
In base 14, what is -39575b3 - -a?
-39575a7
In base 8, what is -36 + -7561516?
-7561554
In base 13, what is 427c0 - 32?
4278b
In base 7, what is -24434 + 60514?
33050
In base 4, what is 1113132122 + 1001?
1113133123
In base 3, what is 1102 + -1011202102220?
-1011202101111
In base 16, what is -3 - bd5fa?
-bd5fd
In base 13, what is -456 + bcc11?
bc788
In base 7, what is -10660 - 654?
-11644
In base 9, what is -2854143 + -576?
-2854730
In base 9, what is 1701773 + -10?
1701763
In base 15, what is -2 - -2c0d5e9?
2c0d5e7
In base 2, what is 1000000001000111101011 + 11?
1000000001000111101110
In base 12, what is -b07 + 6b49?
6042
In base 4, what is 2 - -3321333323?
3321333331
In base 10, what is -110 + 2488183?
2488073
In base 15, what is -9 + -d648e?
-d6498
In base 11, what is 790 + 8874?
9554
In base 2, what is 101000 - -1110011010001100011?
1110011010010001011
In base 9, what is 7 - -300010?
300017
In base 7, what is -11424 - 341242?
-352666
In base 10, what is -3 - -170768080?
170768077
In base 14, what is c - 5cb1a45?
-5cb1a37
In base 16, what is -64 + -4be9bb?
-4bea1f
In base 16, what is a94a - -20ae?
c9f8
In base 14, what is 11cc + 5c2?
17b0
In base 14, what is 28133 + -2a?
28107
In base 4, what is -13110230002 + 110?
-13110223232
In base 5, what is 3444234423 - 0?
3444234423
In base 14, what is 7b0 + -b2d?
-35d
In base 3, what is 10001121221 + -11?
10001121210
In base 7, what is 61364241 + -3?
61364235
In base 9, what is 0 - -1715583?
1715583
In base 3, what is -12102 + -2210101220002?
-2210102002111
In base 10, what is 7 - 46635?
-46628
In base 2, what is -10 - 110100001101100001001010?
-110100001101100001001100
In base 8, what is 353400 - -6?
353406
In base 8, what is -21730137 + 100?
-21730037
In base 14, what is 13936 + b5?
13a0b
In base 8, what is -4057543 + -144?
-4057707
In base 12, what is -19804269b - 0?
-19804269b
In base 4, what is -313 + -212110?
-213023
In base 5, what is -21 + 130204021?
130204000
In base 13, what is 20151b5 + -1?
20151b4
In base 9, what is 6 - 2140484?
-2140477
In base 6, what is -12202300 - 23?
-12202323
In base 9, what is 2234546 - -40?
2234586
In base 3, what is -10001000122 - 12020002?
-10020020201
In base 5, what is 120 + 422424213?
422424333
In base 3, what is -22110222 - -2010111100?
1211000101
In base 6, what is -55043231 + -1435?
-55045110
In base 5, what is 13221 + 110330033?
110343304
In base 5, what is -21114 - -10423?
-10141
In base 13, what is 55 + -330ac?
-33057
In base 11, what is 4 - 156576a3?
-1565769a
In base 3, what is 122211112 - -12022121?
212011010
In base 4, what is 3110231033000 - -10?
3110231033010
In base 3, what is -202111221001 - -210?
-202111220021
In base 11, what is 1a - -665768?
665787
In base 14, what is -3248c - 29?
-324b7
In base 13, what is 163ab31 + 2?
163ab33
In base 9, what is -36501 + 77211?
40610
In base 14, what is 5a0c9c3 + 2?
5a0c9c5
In base 4, what is 202 - 1001000120?
-1000333312
In base 7, what is -1345 - -2404050?
2402402
In base 5, what is 312 + -14434040?
-14433223
In base 8, what is -7237710 - -27?
-7237661
In base 12, what is -b43b85 - -a?
-b43